r?
True
Let g(a) be the first derivative of -a**2/2 + 2*a - 19. Let v be g(7). Let o = 374 - v. Is o a prime number?
True
Suppose 3*h = 6*h - 4032. Suppose 2*p - 878 - h = 0. Is p composite?
True
Let h = -2 - 3. Let d(q) = -8185 - 247*q**2 + 255*q**2 - 2*q + 22*q + 8196. Is d(h) a prime number?
False
Let x(m) = -m**3 - 10*m**2 + 12*m + 16. Let g be x(-11). Suppose 0 = 4*h + 3*i - 4751, -g*h = -3*i - 4070 - 1862. Is h composite?
False
Let q(s) = 463*s**2 + 66*s - 136. Is q(27) a composite number?
False
Let j(h) = -1178*h - 1037. Is j(-33) composite?
True
Suppose 0 = 2*x - w - 2*w - 21955, -3*x = -5*w - 32932. Is x a composite number?
False
Let h be 18 + (8/(-6))/((-204)/(-306)). Let c(y) = -4*y. Let v be c(-5). Is 4*v/h - -726 a prime number?
False
Suppose 0 = -21*y + 774478 + 197507. Is y a composite number?
True
Let l = 21844 - 1541. Is l a prime number?
False
Suppose -5*v + 1576 = -454. Suppose 0 = -4*y - i + v, -2*y + 82 = -5*i - 110. Let j = 334 - y. Is j prime?
True
Suppose 2*r = 3*r + 5*m - 5995, 2*r = -5*m + 12015. Let g = r - 4033. Is g prime?
True
Let q = 547 + -542. Suppose 3*c = -5*r + 43124, -2*r - 4*c + 17243 = -q*c. Is r composite?
False
Suppose -374*z + 188259 = -371*z. Is z a prime number?
True
Let r(g) = 4*g**2 - 7*g + 96. Let f be r(25). Suppose -3*k - 672 = -f. Is k prime?
False
Suppose 280 = -c + 9*c. Let x = 22 + c. Suppose p - 94 = -x. Is p composite?
False
Suppose 3*d = 7*d + 12. Let x be d - ((-4 - 0) + -2). Is 1 - (-4860 - (x + -3)) a composite number?
False
Suppose 0 = 2*f + 2, -f = 2*b + 2*b - 15. Suppose 4802 + 239 = 4*y - 5*w, 5033 = b*y + 3*w. Is y prime?
True
Let v = -111210 - -156947. Is v a prime number?
True
Suppose 5*t = 3*q + 39437, 2*q = 3*q - 3*t + 13139. Let j = q - -27633. Is j a prime number?
True
Suppose -149333150 - 184201388 = -302*j. Is j composite?
True
Is 1/(-2)*(-154 - -132) - -333506 a composite number?
False
Let u(q) = -3*q**2 - q. Let i = -17 - -16. Let c be u(i). Is ((-5516)/20)/(c/10) a composite number?
True
Suppose -2*k - 4*b - 62174 = 0, -5*k + 5*b = -k + 124283. Let v = 54631 + k. Is v prime?
False
Let x(d) = -31 - 48*d - 7*d - 55*d. Let q be 2/4 - (-27)/(-6). Is x(q) prime?
True
Let g(y) = -2328*y**3 - 4*y**2 - 4*y - 1. Let r = -665 - -664. Is g(r) composite?
True
Suppose 22*x + 2453599 = 173*x. Is x a prime number?
True
Let b be -5 + 8 + -5 + 8/2. Suppose 4932 = b*u - 3878. Is u a prime number?
False
Suppose -258*s + 252*s = -126. Is 23127/s + (-18)/63 a composite number?
True
Let h(f) = -f**2 + 24*f - 4. Let j be (15/20)/(6/(-4))*-8. Suppose -y + j = 5*l, 4*y - 28 = l + 9. Is h(y) composite?
False
Is 2/(4/(-489)*357/(-32606)) a prime number?
False
Let h(f) = 6*f**2 + 13*f - 54. Let k be h(12). Suppose -7*x + 3*x = 2*o - k, 0 = 5*o - 3*x - 2402. Is o a prime number?
False
Suppose i - 1 = -4*g + 2, -3*i - 9 = 3*g. Let a(p) = -6*p + 25. Let s be a(i). Suppose 4*w - 30 + 249 = 5*c, c + 2*w = s. Is c composite?
False
Let j(n) = 68*n - 25. Let h(m) = -2*m**2 + 17*m - 1. Let g be (-6)/(38/(-72) - 18/81). Let y be h(g). Is j(y) composite?
True
Suppose 3*h - 69 + 6 = 0. Let r be h/(-14)*(-2 - 0). Suppose -r*l = -375 + 36. Is l a composite number?
False
Let q(z) = -2*z + 7. Let w be q(2). Suppose -3*d + w*a = -1614, a - 157 = -d + 379. Suppose 0*x - d = -x. Is x a composite number?
True
Suppose -7*y - 198862 = -3*m, y - 66264 = 6*m - 7*m. Is m prime?
True
Let v be (140/42)/((-4)/(-6)). Let o be (v - 6)/((-1)/2). Suppose -o*t = 2*q - 940, -2*t + 937 = -0*t - q. Is t a prime number?
False
Suppose 927*l = 1010*l - 4251011. Is l a prime number?
True
Suppose -118*u + 16*u = -96492. Let h(t) = 628*t**3 + t**2. Let z be h(-1). Let f = u + z. Is f a composite number?
True
Let d(v) = 5625*v + 14227. Is d(142) a prime number?
False
Suppose -5*v + 0*v + 20 = 0. Suppose v*b - d = 2 + 3, 2*b + d = 7. Suppose 4*p = 4*w + 92, 3*w = -b*p - 0*w + 46. Is p a prime number?
True
Let m be 285/171 + (-4)/6. Is -6 - ((-1)/m - 13126) a prime number?
True
Suppose 72975 = -3*c + 38*c. Let w be (-4)/(-1) + 6/(-6). Suppose 4*p = -3*q - p + 2085, 2*p = -w*q + c. Is q a composite number?
True
Suppose 0 = 15*q - 1704865 - 2296520. Is q a composite number?
False
Let c = -85 - -85. Suppose 3*a - 15 = c, a = -4*y + 5*y - 1319. Suppose 3*r = -r + y. Is r composite?
False
Let m = 42296 + -10369. Is m prime?
False
Suppose -5*t - 9170880 = -7*p + 2*p, -t = -21*p + 38517516. Is p a composite number?
True
Suppose -3*g + 1650 - 192 = 3*l, -3*g = 2*l - 1462. Let j = g - -975. Suppose 0 = -11*r + 6*r + j. Is r prime?
True
Suppose -2*v = 5*y - 5419663, 3*y = -2*v + 1063663 + 2188130. Is y composite?
True
Let x = 578 + -575. Suppose -3*l + 5*l = -h + 9595, -x*h = -3*l - 28749. Is h a prime number?
True
Suppose 0 = -28*f + 5*f - 205275. Let g = f - -12892. Is g a prime number?
True
Let k = -5623 - -15756. Is k a prime number?
True
Let v(z) be the third derivative of z**6/120 - z**5/60 - z**4/24 + 907*z**3/6 + 5*z**2. Let t = 56 + -56. Is v(t) a composite number?
False
Let q = -1189 - -1191. Let v(s) = -s**2 + 8*s - 2. Let a be v(6). Is ((a - 5) + -4)/(q/1578) prime?
False
Suppose 94654 - 10114 = 10*t. Is 4/(1 + 3) + t/3 a composite number?
False
Let s be (-312)/(-16)*(-2)/3. Let k = s + 12. Is 0/k - (-728 - -5 - 4) a composite number?
False
Suppose 13*t = 18*t - 20. Suppose t*p - 303 = 1477. Is p prime?
False
Let y be (-13)/((8/(-584))/1). Suppose 4*d = 2*d + 3400. Let b = d - y. Is b composite?
False
Let r = 62577 + 21116. Is r prime?
False
Let g(v) = 11*v**2 - 259*v - 3793. Is g(-15) a composite number?
True
Suppose -153*y = -51*y - 8191668 - 3935214. Is y a composite number?
False
Suppose 2*x + 3*i = -0*i + 168, -5*x - 2*i = -442. Let l = -100 + x. Is 4830/50 + 0 + (-4)/l a composite number?
False
Suppose n + 0*n + z - 7706 = 0, -4*z - 16 = 0. Suppose -q + 0*q = -n. Suppose 7*a + 3*a - q = 0. Is a composite?
True
Let o = -1943 + 3801. Suppose 0 = -6*g - 3*g. Suppose 2*r = -g*r + o. Is r composite?
False
Let z(u) = -1972*u**3 + 7*u**2 - 13*u - 103. Is z(-5) a composite number?
False
Let h be (-8)/2*(4 - 63/14). Suppose 4*l + h = 5*l. Suppose -l*n + 210 = 32. Is n composite?
False
Let g(h) = -1174*h + 111. Let r be g(13). Let j = r - -27162. Is j prime?
True
Let h(w) be the first derivative of -761*w**2 - 19*w + 64. Is h(-3) a prime number?
True
Suppose -104*g - 9*g = -16*g - 5445677. Is g prime?
False
Suppose 3*f = -w + 822010, -3*w + 5*f = 10*f - 2466002. Is w a composite number?
True
Suppose 0 = 4*f - 4*z - 133364, -5*z = 2*f - 2*z - 66662. Suppose 0 = 8*b - 36639 - f. Is b composite?
False
Let c(n) = 2*n - 2*n + 3*n + 5 + n**2. Let h be c(-2). Is 2/h - 56472/(-72) a composite number?
True
Let m(l) = -19375*l - 84. Let y be m(-3). Suppose 0 = 113*i - 122*i + y. Is i composite?
False
Suppose 3*c - 99 = -0*c. Suppose -38*b = -c*b - 12490. Is b prime?
False
Suppose -2*h = -3*j + 507575, -5*j - 8*h + 216952 + 628961 = 0. Is j prime?
False
Let h be 0 + 9/6*2. Let p be h*(2752/12)/8. Suppose p*d - 85*d = 4421. Is d a prime number?
True
Suppose 5*b + 69730 = -0*b. Let j = -2440 - b. Suppose 0 = 4*a + 1422 - j. Is a prime?
True
Let u be (5 - 415/20) + (-1)/4. Is (4 - (-60)/u)/((-2)/(-18296)) prime?
True
Suppose -155 = 6*b - 17. Let t = -19 - b. Suppose -t*n - n + 1255 = 0. Is n prime?
True
Let n = -99331 - -319332. Is n a composite number?
True
Is -4 + (147134 - (-18 - (9 - 18))) a composite number?
False
Let x(r) be the first derivative of -24359*r**4/4 - r**3 - 3*r**2 - 3*r + 123. Is x(-1) composite?
False
Suppose -3*s - 5*o + 65119 = 0, s + s - 43394 = -8*o. Is s prime?
True
Suppose 0 = -4*z, 437*i + 268329 = 440*i - 3*z. Is i composite?
False
Let i be -2 - (3 + (-3 - (8 + -2))). Let w be 54/15 + 1 - i/(-10). Suppose w*u = 5*r + 1313 + 2122, 0 = -u - r + 679. Is u prime?
True
Let t(d) = -53*d + 953. Let j = -991 + 991. Is t(j) prime?
True
Let f(y) = 5324*y**2 + 15*y + 116. Is f(-5) prime?
False
Let h be (6/4)/(2/(-4)). Let x(u) = -136*u + 50. Let l(g) = 69*g - 24. Let s(a) = -9*l(a) - 4*x(a). Is s(h) prime?
False
Let s = -52 + 48. Let x(g) = 33*g**2 + g + 17. Let b be x(s). Suppose k - 5*j = 203, -3*k + 2*j + b = -120. Is k a composite number?
False
Let j(d) = 6*d**2 - 57*d - 347. Is j(68) composite?
True
Let g be (-141476)/(-20) + (-4